a composite number?
True
Let n(l) = -l**3 - 6*l**2 - 6*l - 1. Let v be n(-5). Suppose v*h + 1 + 3 = 0. Let a(p) = -26*p**3 - 2*p**2 - p. Is a(h) prime?
False
Suppose -o - 6 = -8. Suppose -o*h + 3*f = 2*f - 21, 0 = 2*f - 10. Is h prime?
True
Suppose -3*u = -5*u + 10. Suppose 2885 = u*z + 2*i, 5*z - i - 575 = 2295. Suppose 4*x - z = -x. Is x composite?
True
Let v(q) = 8*q**2 + 2. Suppose l + 0 + 2 = 0. Is v(l) a prime number?
False
Suppose 2*q - 5*g - 1388 = 0, 2*g - g + 1388 = 2*q. Let y = q + -489. Is y a prime number?
False
Suppose -3*j + 4 + 2 = 0. Suppose 5*c + 0*q - 181 = q, 2*c - j*q = 66. Is c a composite number?
False
Suppose -13*h + 86 = -11*h. Is h composite?
False
Let r be ((-20)/(-15))/(2/15). Let a = r - 5. Suppose -38 = -a*v - 3*y + 13, -5*v + 37 = -4*y. Is v composite?
True
Suppose -3*l - 15 = -0, -320 = -5*p - 3*l. Is p a prime number?
True
Is (-57)/12*(-1 + -3) a prime number?
True
Let o(i) = -130*i. Let x be o(2). Is ((-8)/10)/(8/x) a prime number?
False
Let i = -12 - -28. Let x = 17 + i. Is x a prime number?
False
Let s be -1 + 1 - (-3)/1. Let r(l) = l**2 + 4 + 0 + l - l**s - 1. Is r(-4) prime?
True
Suppose c - 9 = 2*h, 5*c - 3 = -4*h - 0. Suppose y = -c*y. Suppose 148 = -y*j + 4*j. Is j a prime number?
True
Let i = 11 - 6. Let k be (9/15)/(1/i). Suppose -4*a + 5*y = -94, -k*y - 46 = -2*a - y. Is a composite?
True
Let p(n) = -n - 12. Let u be p(-7). Let s be ((-5)/3)/(u/(-30)). Is (-10)/(-25) - 66/s a prime number?
True
Suppose 0*h - 5 = -h. Let g(r) = -r + 7. Let o be g(h). Suppose o*m = 3*m - 31. Is m composite?
False
Let i(j) = -j - 5. Let p be i(-8). Suppose p*l - 5 = 1. Suppose -b = -12 - l. Is b prime?
False
Is 2 + -4 - (1 + -34) a prime number?
True
Is ((-12)/(-8))/((-3)/(-634)) prime?
True
Let k(o) = o**3 - 6*o + 11. Let q be k(-8). Let d = -242 - q. Is d a composite number?
False
Let h = -686 + 1243. Is h prime?
True
Is (-3 + 9)/(2/19) a prime number?
False
Suppose 5*n - 2*u - 198 = 0, 2*u + 80 = 2*n + u. Suppose 4*i + 101 = -3*w, 0*w - 2*i = -3*w - 71. Let a = w + n. Is a a composite number?
False
Let s be (-2)/(-12) + (-185)/(-6) + 1. Let t = 139 - 76. Let g = t - s. Is g composite?
False
Let x(v) = -v**3 + 5*v**2 - 4*v. Let t be x(3). Let i be ((-4)/t)/((-4)/18). Is 127/1 + 0/i a prime number?
True
Is 300/44 - (-6)/33 a prime number?
True
Let f be 2*3/((-12)/10). Let j(u) = 2*u**2 - 6*u - 1. Is j(f) a prime number?
True
Let c(r) = -3*r**3 + r**2 + r - 1. Is c(-1) composite?
False
Let v(s) = -5*s**2 - 2*s + 1. Let w be v(1). Let o be (-374)/(-4) - (-3)/w. Is o/(-3)*(0 - 1) a composite number?
False
Suppose 2*i + 80 = 3*a - 658, -2*a + 3*i + 492 = 0. Suppose a = 8*m - 6*m. Is m prime?
False
Suppose 5*x + i = 6, 5*i = 6*x - 4*x - 24. Let z(l) = 2 + 2*l**x - 1 + l**3 + l - 2*l**3. Is z(-2) prime?
False
Suppose -2*c = 4*r - 222, 4*r - 2*c - 218 = -0*r. Is r composite?
True
Let v(k) = 6*k**2 + 5*k - 3. Is v(4) a composite number?
False
Let l(y) = y**3 + 8*y**2 - y - 10. Let n be l(-8). Let m = 1491 - 1006. Is 4/n*m/(-10) a composite number?
False
Suppose -3*r - 4 = -5*k + 9, -k + 17 = 3*r. Suppose -k*t + 572 = 187. Is t a prime number?
False
Let g(d) = 1 + 3*d - 2*d - d**2 + 4*d**2. Suppose 5*q + 15 = -2*z, 0 = -q + 2*z + 4 + 5. Is g(q) a composite number?
False
Let j(x) = -18*x - 3. Let s be j(-3). Suppose 0 = 2*z - 33 - s. Let v = -5 + z. Is v prime?
True
Let d(f) = 23*f. Let y be d(-1). Let g = y - -52. Suppose 0 = -2*o + g - 3. Is o composite?
False
Suppose j = -5, 2*p - 4*j + 0*j - 158 = 0. Is p a prime number?
False
Let w = 347 + -147. Suppose -5*d = 75 - w. Is d prime?
False
Let u = -27 + 46. Suppose t + 3*h + u = -h, -3*h = -4*t - 57. Let y = 26 + t. Is y a composite number?
False
Suppose 3*m - 5*a + 6110 = 0, 4*m + 6679 = -2*a - 1511. Let z = -1366 - m. Is z a prime number?
False
Let i = 10 + -5. Suppose -i*q = -2*y + 1, 4*q + 12 = -6*y + 2*y. Is -1 + 12 - (y + 3) a composite number?
True
Suppose 5*u = 2*u - 657. Let p = 116 + u. Let w = -66 - p. Is w a prime number?
True
Suppose 4*i + 3*h - 1059 = 0, -2*i - 2*h = -4*i + 540. Is i composite?
True
Let a = 22 + -20. Let u(g) = 2*g**3 + 3*g**2 - 2*g - 2. Is u(a) prime?
False
Is 236/3*(-18)/(-12) composite?
True
Let z(x) = 52 - 22 - x + 74. Let v be z(0). Let y = -19 + v. Is y composite?
True
Let d(m) = m + 1. Let t be d(-5). Let o be t/(-14) + 162/21. Let h = -5 + o. Is h a prime number?
True
Let s(b) = b**3 - 9*b**2 - 8*b - 2. Let n be s(10). Let x = n - 11. Is x a prime number?
True
Let z = -19 - -12. Let w = -1 - z. Is w prime?
False
Is -63*4/((-12)/1) a prime number?
False
Let c(b) = 165*b + 3. Is c(6) a composite number?
True
Let p(t) = -26*t**2 + t - 2. Let x(r) = -1. Let c be (3 - 2)/(-1) - 0. Let n(v) = c*p(v) + 3*x(v). Is n(-1) prime?
False
Let x be (-11 - -2)/(3/(-54)). Suppose 4*n - x = 34. Is n composite?
True
Suppose 3*x = 3*i - 261, 7*i - 3*i = -3*x + 313. Is i a prime number?
False
Suppose -18 = y + 2*y. Let o = 1 + y. Let k(s) = s**3 + 8*s**2 + 6*s - 7. Is k(o) a composite number?
True
Let v(q) = 2*q + 8. Let t be v(-10). Let g be (-1)/4 + 5097/t. Let h = -162 - g. Is h a prime number?
True
Let p = -77 + 38. Is 1/(-3) - 4264/p a composite number?
False
Let v = 385 - 258. Is v a composite number?
False
Suppose p - 5400 = -4*u, -4*u = -4*p - 700 - 4720. Is u prime?
False
Let q = 6 - 9. Let i be -1*6/q - -37. Suppose -2*l + i = -35. Is l a composite number?
False
Suppose -4*o + 5*p + 10 = -3*o, -12 = -3*o - 3*p. Suppose 231 = o*z - 2*z. Is z composite?
True
Suppose 3 = -3*c + 4*c. Suppose 0 = x - c*t - 0 + 5, x = 4*t - 6. Let v = x + 8. Is v composite?
True
Let x(z) = 14*z**2 - 2*z + 3. Let o be x(-3). Let p be 1/(o/(-66) + 2). Let t = p - -61. Is t composite?
True
Let n(t) = -t + 16. Is n(-5) a prime number?
False
Let n(c) = 15*c**2 - 3*c + 2. Let b(j) = j**3 - 3*j**2 + 3*j. Let w be b(2). Let r be n(w). Suppose 2*s - r = -v + 5, -4*v = -2*s - 204. Is v prime?
True
Suppose -321 - 566 = -u. Is u a composite number?
False
Let k(u) = -14*u**3 - u**2 + 3*u + 1. Is k(-4) a composite number?
True
Let u = 13 + 43. Suppose 4*c - 220 - u = 0. Is c a prime number?
False
Let l = 2 - 2. Let i = l + 2. Suppose 3*n - 2*n - a - 18 = 0, 3*n = -i*a + 39. Is n prime?
False
Suppose 26 - 502 = -4*w. Is w a composite number?
True
Suppose 0*n - 1123 = -3*q + 4*n, -3*n = 2*q - 760. Is q composite?
True
Let j = -3067 + 8586. Is j composite?
False
Suppose 0 = -6*q + 12*q - 12246. Is q a prime number?
False
Suppose 0 = -3*k + 15, -45 = -5*t - 0*t + k. Suppose -4*q = -q + 12. Is (50/q)/((-5)/t) a prime number?
False
Let v = 336 - 187. Is v prime?
True
Let u = -696 + 1107. Is u composite?
True
Suppose 0*z + 4*z - 2*u - 172 = 0, u - 49 = -z. Is (-4)/((-4)/z) - -2 a prime number?
True
Let p = -9 - -4. Is ((-1060)/(-25))/((-2)/p) prime?
False
Let d(c) be the first derivative of 26*c**3/3 - 5*c + 7. Is d(-4) prime?
False
Let f be ((-1)/(-3))/((-6)/(-144)). Let g be 12/(-15)*60/f. Let v(h) = h**2 - h - 5. Is v(g) prime?
True
Let n = -5 - -4. Let k = n - -2. Is 19/(-1)*k/(-1) prime?
True
Let m be (0 + 0 - 4)/(-1). Suppose 5*t - 168 = 5*q + 637, -668 = -4*t - m*q. Let b = t + -79. Is b prime?
False
Is (2/2)/((49/(-22841))/(-7)) prime?
False
Let z = 6 - -9. Is z a prime number?
False
Suppose 4*g = -g + 5, 4*w + g - 149 = 0. Is w a prime number?
True
Let m(h) = 2*h**3 + 5*h**2 - 13*h - 9. Is m(7) prime?
False
Let g = 2 + 2. Suppose -2*x = g*p - 210, -2*p - 3*p + 270 = -5*x. Is p prime?
True
Let q(a) be the first derivative of a**3/3 + 11*a**2/2 + 5*a + 3. Let v be q(-10). Is (v - -18)*(4 - 1) a prime number?
False
Suppose 7 = -3*r + 4*z - 15, -z + 12 = -4*r. Is 36 - r*2/(-4) a composite number?
True
Let j = 11 - 10. Let m(o) = 70*o**3 - 2*o**2 + 1. Is m(j) prime?
False
Suppose -2960 = -5*b + 5*w, -2*b - 2*w = 2*b - 2374. Is b a composite number?
False
Suppose -4 = 2*j - 6*j. Is (-781 - j)*1/(-2) a prime number?
False
Suppose h = 2*t + 2*t - 14, -3*h + 26 = 5*t. Suppose 4*l - 3*k = -8*k + 523, -h*l = 5*k - 269. Is l prime?
True
Let g(x) = 323*x + 3. Is g(2) a composite number?
True
Let l(a) = -25*a + 2. Let x(k) = -12*k + 1. Let n(d) = 6*l(d) - 14*x(d). Is n(2) composite?
True
Let h be (-2)/(-5) - (-872)/(-5). Let g = h + 314. Suppose 125 + g = 5*i. Is i a composite number?
False
Le